4 - -3). Suppose q = -i + t, -38*i + 2*q - 1332 = -43*i. List the prime factors of i.
2, 7, 19
Let x(w) = 62*w**2 + 29 + 23 + 30 + 42*w - 93 + 2*w**3. What are the prime factors of x(-30)?
23
Let h = 14357 - 157. List the prime factors of h.
2, 5, 71
Let d(w) = w**2 + 6*w - 13. Suppose -2*l = l + 27. Let c be d(l). List the prime factors of 5 + -1 + (c - -1).
19
Let c(u) = 3*u. Let p be c(1). Let x be (0 + p/(-2))*-6. List the prime factors of 6/x*(-192)/(-4).
2
Let b(z) = -z**3 + 35*z**2 - 161*z - 33. List the prime factors of b(25).
2, 137
What are the prime factors of (24624 - -1) + -9 + -23?
24593
Let z(u) = 10*u - 72. Suppose 3*f + 4*f = -56. Let i be z(f). What are the prime factors of 1/((-154)/i + -1)?
2, 19
Suppose -9453968 = -222*t - 46*t. List the prime factors of t.
2, 8819
Suppose 8*b = -5*b. Suppose 1464 = 3*a + n, b = n - 0*n + 3. What are the prime factors of a?
3, 163
Let w = 31941 - 21555. List the prime factors of w.
2, 3, 577
Let x = -1235 - -3844. Let i = x - 1819. What are the prime factors of i?
2, 5, 79
Suppose 0 = 5*v - 122 - 238. Let z = -68 + v. Suppose -i = 4*u - 158, u = -2*i - z*u + 304. List the prime factors of i.
2, 71
Suppose 4*l = 4, -5*l + 2*l = -3*b - 3. Suppose -o + 3 = -b*o. Suppose 10 = s - 4*p - 60, 373 = 5*s + o*p. List the prime factors of s.
2, 37
Let n = 47661 - 12026. List the prime factors of n.
5, 7127
Let n = -50 + 48. Let x be (n - -2)/(8/8). Suppose -40 = -x*a - 2*a. List the prime factors of a.
2, 5
What are the prime factors of -136*(315/(-36) - -7)?
2, 7, 17
Suppose -5*c - 4*w - 255 = 0, -3*c = -3*w + 71 + 55. Suppose -127*r + 544 = -119*r. Let g = r + c. List the prime factors of g.
3, 7
Suppose 170*h + 5*v - 11085 = 165*h, 3*v = 4*h - 8903. List the prime factors of h.
2, 11, 101
Let o be ((-20)/16)/(18845/(-9420) + 2). Suppose -1341 - o = -6*p. List the prime factors of p.
2, 7, 11
Let t = 191 - 169. Suppose t*j - 12*j = 2910. What are the prime factors of j?
3, 97
Suppose 258 = -39*s + 24. List the prime factors of (3 + 16/s)/((-4)/(-5172)).
431
Suppose 19*f - 13*f + 264 = 0. Let r = f + 176. List the prime factors of r.
2, 3, 11
Suppose 2*h - 3*u + 3320 = -7*u, h - 5*u = -1646. Let b = 2499 + h. List the prime factors of b.
3, 281
Suppose r - 5*r + 5127 = g, -2*r + 20550 = 4*g. What are the prime factors of g?
3, 571
Suppose 22*r - 6*r = 24384. What are the prime factors of r?
2, 3, 127
List the prime factors of (-224)/336 + ((-13)/9 + 0)*-14226.
2, 11, 467
Suppose 18*z - 5 = 49. What are the prime factors of (-6759)/(-33) + z - (-2)/11?
2, 13
Let q = -58422 - -112101. What are the prime factors of q?
3, 29, 617
Suppose -4*g + 2*n + 15 = -15, -4*g + n = -25. Suppose g*i = -3*u - 507, 200 + 108 = -3*i + 2*u. List the prime factors of i/(-27) - (-10)/45.
2
Let y = -40 + 51. Suppose -5*v - 4*r = -y, -3*v - 4*r + 1 + 4 = 0. What are the prime factors of (-1)/((-4 + v)/87)?
3, 29
Suppose 2*p = 4*b - 50, 4*b - 4 = 3*p + 49. Let c(d) = -d**2 + 9*d + 14. Let y be c(10). Suppose -1953 = y*a - b*a. List the prime factors of a.
3, 31
Let t = 2213 - -378. What are the prime factors of t?
2591
Let t(g) = -4*g - 2. Let d be t(4). Let k(v) = v**3 + 19*v**2 + 17*v - 16. Let p be k(d). Suppose 0 = p*r - 125 - 133. What are the prime factors of r?
3, 43
Suppose 18*u = 30*u + 63*u - 520500. List the prime factors of u.
2, 5, 347
Let w(k) = k**3 + 8*k**2 + 2*k + 9. Let j(c) = 3*c - 7*c + 0*c**3 - 3*c**3 + 10 + 2*c**3 + 4*c**2. Let l be j(4). What are the prime factors of w(l)?
3, 23
Suppose -19*m + 12956 = -18345 - 4628. List the prime factors of m.
31, 61
Suppose p - 5*m - 3964 - 4435 = 0, -33470 = -4*p + 2*m. What are the prime factors of p?
2, 3, 17, 41
Suppose -2*j + 264 = 278. What are the prime factors of (-1515)/j - ((-40)/(-28) + -1)?
2, 3
Let t be (-4)/10 - 47/(-5). Suppose -10*f = -t*f - 522. List the prime factors of f.
2, 3, 29
Let o be 26/1*(-12 - -16)*342. Suppose -29*z = 19*z - o. List the prime factors of z.
3, 13, 19
Let x be -3 + 0 + 2 + 161. Suppose 33*o = 34*o - x. What are the prime factors of o?
2, 5
Let z = -59 + 58. Let j = z - -1. Suppose j = -5*x + 339 + 346. What are the prime factors of x?
137
Let g(v) be the second derivative of 2*v**4/3 + 25*v**3/6 + 15*v**2 + 58*v. List the prime factors of g(-8).
2, 3, 19
Let t(z) = z**2 - 9*z - 19. Let w = -11 - -22. Let c be t(w). Suppose l - o - 62 = 4*o, -c*l + 138 = -3*o. List the prime factors of l.
2, 3, 7
Let d be ((-2752)/215)/(2/5). List the prime factors of d/80 - ((-10251)/15 + 1).
2, 11, 31
Let n(x) = -x**2 + 47*x - 123. Let w = 225 - 193. List the prime factors of n(w).
3, 7, 17
Let b = 11 + -8. Suppose -b*t - 409 = -1213. What are the prime factors of t?
2, 67
Suppose 54 = 4*a + 2*u, 0*a + 3*a - 44 = -5*u. Suppose -b = -a*b + 2376. List the prime factors of b.
2, 3, 11
Let t be (-1)/(-2)*(-46 + 46). Suppose t = -3*r, 3*k - 3*r - r = 180. What are the prime factors of k?
2, 3, 5
Let a = 308 - 304. Suppose y = -5*l + 801 + 1098, -a*l = -2*y - 1522. List the prime factors of l.
2, 5, 19
Let z = -5 + 6. Let y be (-4*(0 + -366))/1. List the prime factors of z/3 - 7/((-63)/y).
163
Suppose 0 = 2*r + 3*h - 36802, 5*h = 2*r + r - 55241. List the prime factors of r.
79, 233
Let k(t) = -4*t**2 + 211*t + 74. Let h be k(53). Let r(s) = 33*s - 145. List the prime factors of r(h).
2, 137
Let t(z) = -z**3 - 7*z**2 - 12*z - 6. Let q be t(-5). Suppose -n - 5*x = q*n + 10, -n + 22 = -5*x. Suppose -72 = -n*g + 32. List the prime factors of g.
2, 13
Suppose 14721 = 10*j + 9*j - 707. List the prime factors of j.
2, 7, 29
List the prime factors of (475796/(-102))/((-1)/3).
2, 6997
Let z(q) = -15*q + 12. Let k be z(-14). Let h = 41 + k. List the prime factors of h.
263
Let m = -291 + 260. Let w = 971 - m. List the prime factors of w.
2, 3, 167
Suppose -2*f + 4*d = 32, -4*d + d = f + 41. Let n be (-100)/f + (-34)/(-221). Suppose 3*m - m + 706 = 4*w, n*m + 532 = 3*w. What are the prime factors of w?
2, 11
Suppose 3297 = f + c, 9*f = 13*f + 3*c - 13190. List the prime factors of f.
3299
Let r(k) be the third derivative of 1/3*k**3 + 0*k + 0 - 1/60*k**5 + 29*k**2 - 1/4*k**4 - 1/15*k**6. What are the prime factors of r(-3)?
227
Let r be (-23)/(-5) + 1*(-6)/(-15). Suppose -r = -5*i + 10, -3*g - 654 = 2*i. Let y = g + 419. List the prime factors of y.
199
Let t(x) = -2*x**2 + 10*x + 39. Let l be t(19). Let z = 1022 + l. What are the prime factors of z?
23
Suppose -54 = -7*l + l. List the prime factors of 216 + l + -4 + -1.
2, 5, 11
Suppose -161*f = -156*f - 560. Suppose -2*s + 82 = -f. List the prime factors of s.
97
Suppose 487*h = 501*h - 137928. What are the prime factors of h?
2, 3, 821
Let f = -254 - -258. Let l be (-16)/6*(-15)/2. Suppose 0 = f*j + z - 132, -z - l = -j + 2*z. What are the prime factors of j?
2
Let p(t) = -t - 10*t**2 + 13*t**2 + 0*t + 0*t**2 - 60. List the prime factors of p(10).
2, 5, 23
Suppose -i + 1131 = -2483. Suppose -i = -8*u - 310. List the prime factors of u.
7, 59
Let h(v) be the third derivative of 1/24*v**4 + 0*v + 0 + 12*v**2 - 1/12*v**5 - 1/120*v**6 - v**3. List the prime factors of h(-7).
5, 17
Let a(f) = -13*f - 35. Let o be a(-3). Suppose 3*x - 19 + o = 0. Suppose 8*d = x*d + 15. What are the prime factors of d?
5
Let o(m) = -m - 3*m**2 + 2*m**3 + 9 - 6*m**2 + 12*m**2. Let z be o(4). Let h = -105 + z. List the prime factors of h.
2, 19
Suppose -4*p = -3*b + 1, b = 6*b - p - 13. Suppose 4*o - a - 2836 = 0, -2*o - 2142 = -5*o - b*a. Suppose 10*j + 110 = o. What are the prime factors of j?
2, 3, 5
Suppose 4*u + 20 = 0, -3*o + 9*u + 61890 = 6*u. What are the prime factors of o?
3, 5, 11
Let r(y) = -y**3 + 15*y**2 + 78*y - 54. What are the prime factors of r(13)?
2, 11, 59
Let b(j) = 85*j + 19. Let m be b(10). Suppose -3*z = -1555 - m. Suppose 0 = -10*o + z + 342. What are the prime factors of o?
5, 23
Let z(f) = f**3 - 4*f**2 - 10. Let t be z(5). Suppose 38*u - 6141 = t*u. What are the prime factors of u?
3, 89
Let r be (-1)/9 + (-37)/(-9). Suppose -3*n - n = -16, -r*k = 3*n + 36. What are the prime factors of 3990/40 - ((-21)/k - 2)?
2, 5
Let f be 7 + (-138)/10 + 8/10. Let g(l) = -34*l - 1. Let c(n) = 17*n. Let w(z) = -5*c(z) - 2*g(z). What are the prime factors of w(f)?
2, 13
Let s(t) = -184*t**3 + 6*t**2 + 17*t +